 is divided by 3288?
207
Calculate the remainder when 147403 is divided by 145822.
1581
Calculate the remainder when 2813667 is divided by 1451.
178
Calculate the remainder when 106141737 is divided by 29.
26
What is the remainder when 1075030 is divided by 285?
10
What is the remainder when 25841 is divided by 396?
101
What is the remainder when 11828 is divided by 11605?
223
What is the remainder when 55955 is divided by 246?
113
Calculate the remainder when 55007640 is divided by 27503816.
8
Calculate the remainder when 296106 is divided by 7764.
1074
What is the remainder when 577274 is divided by 44405?
9
What is the remainder when 470346 is divided by 2066?
1364
What is the remainder when 43476447 is divided by 1001?
14
What is the remainder when 6591023 is divided by 3401?
3286
What is the remainder when 14062 is divided by 2187?
940
Calculate the remainder when 143130 is divided by 1336.
178
Calculate the remainder when 18159885 is divided by 521.
430
What is the remainder when 10876255 is divided by 2006?
1729
Calculate the remainder when 991023 is divided by 1785.
348
What is the remainder when 799190 is divided by 804?
14
Calculate the remainder when 975447 is divided by 60873.
1479
Calculate the remainder when 1735011 is divided by 14.
5
Calculate the remainder when 77410 is divided by 77220.
190
What is the remainder when 451832 is divided by 1325?
7
Calculate the remainder when 167056644 is divided by 511.
13
Calculate the remainder when 64722268 is divided by 34.
4
Calculate the remainder when 8580 is divided by 3869.
842
What is the remainder when 12123 is divided by 1670?
433
What is the remainder when 6752903 is divided by 2163?
17
Calculate the remainder when 56018210 is divided by 57.
35
Calculate the remainder when 79123323 is divided by 40493.
1
Calculate the remainder when 20719312 is divided by 23047.
59
What is the remainder when 5498454 is divided by 9383?
16
Calculate the remainder when 2467752 is divided by 102823.
0
Calculate the remainder when 887290 is divided by 3729.
3517
Calculate the remainder when 838746 is divided by 419368.
10
What is the remainder when 45093 is divided by 654?
621
What is the remainder when 32050125 is divided by 6233?
39
Calculate the remainder when 14407591 is divided by 333.
13
What is the remainder when 3272111 is divided by 36?
35
What is the remainder when 6769 is divided by 2148?
325
What is the remainder when 75989 is divided by 4733?
261
What is the remainder when 54584777 is divided by 6064975?
2
What is the remainder when 37096 is divided by 37001?
95
What is the remainder when 758855 is divided by 758775?
80
What is the remainder when 4658808 is divided by 3041?
3037
What is the remainder when 1617881 is divided by 808932?
17
Calculate the remainder when 27826067 is divided by 132.
71
What is the remainder when 30600968 is divided by 36?
32
What is the remainder when 1062454 is divided by 284?
10
Calculate the remainder when 75448 is divided by 361.
360
Calculate the remainder when 219336 is divided by 5566.
2262
Calculate the remainder when 1309427 is divided by 733.
289
What is the remainder when 30544333 is divided by 180?
133
What is the remainder when 5282622 is divided by 480238?
4
Calculate the remainder when 4865040 is divided by 2432296.
448
Calculate the remainder when 7166713 is divided by 22.
15
What is the remainder when 1133759 is divided by 663?
29
Calculate the remainder when 30466 is divided by 561.
172
Calculate the remainder when 413279 is divided by 33.
20
What is the remainder when 25088246 is divided by 376?
22
What is the remainder when 187785 is divided by 1596?
1053
What is the remainder when 177119 is divided by 172098?
5021
Calculate the remainder when 2131564 is divided by 1065774.
16
Calculate the remainder when 723457 is divided by 8221.
9
What is the remainder when 454293 is divided by 17?
2
Calculate the remainder when 3383666 is divided by 82527.
59
Calculate the remainder when 10359325 is divided by 1796.
1793
Calculate the remainder when 23828610 is divided by 327.
120
Calculate the remainder when 37595822 is divided by 9398953.
10
What is the remainder when 35022 is divided by 8149?
2426
What is the remainder when 987239 is divided by 197446?
9
What is the remainder when 57011730 is divided by 29?
21
Calculate the remainder when 509582 is divided by 8206.
810
What is the remainder when 41985439 is divided by 380?
379
Calculate the remainder when 19385548 is divided by 570163.
6
What is the remainder when 15189766 is divided by 792?
790
What is the remainder when 4002512 is divided by 1000559?
276
Calculate the remainder when 46216 is divided by 258.
34
What is the remainder when 211455 is divided by 20853?
2925
What is the remainder when 10527 is divided by 417?
102
What is the remainder when 5190615 is divided by 1834?
395
What is the remainder when 5999896 is divided by 537?
532
What is the remainder when 130627 is divided by 10044?
55
What is the remainder when 240787 is divided by 574?
281
What is the remainder when 7048048 is divided by 130518?
76
What is the remainder when 5817030 is divided by 2908496?
38
What is the remainder when 2240936 is divided by 5413?
5367
Calculate the remainder when 64243591 is divided by 11538.
7
Calculate the remainder when 2976409 is divided by 63.
37
What is the remainder when 119056 is divided by 1830?
106
Calculate the remainder when 26578998 is divided by 3796998.
12
Calculate the remainder when 2847909 is divided by 6562.
1
What is the remainder when 12636464 is divided by 2412?
2408
Calculate the remainder when 3220039 is divided by 128799.
64
What is the remainder when 194194807 is divided by 48548700?
7
What is the remainder when 17541856 is divided by 134937?
46
Calculate the remainder when 2409126 is divided by 3824.
6
Calculate the remainder when 23103758 is divided by 12.
2
Calculate the remainder when 273066 is divided by 54594.
96
What is the remainder when 20745308 is divided by 19814?
50
Calculate the remainder when 1657368 is divided by 274.
216
What is the remainder when 13979969 is divided by 1164981?
197
What is the remainder when 5883035 is divided by 1960755?
770
Calculate the remainder when 7060096 is divided by 1005.
976
What is the remainder when 63724362 is divided by 38?
34
What is the remainder when 150097 is divided by 7381?
2477
Calculate the remainder when 1110394 is divided by 370127.
13
What is the remainder when 5745597 is divided by 675?
672
Calculate the remainder when 7913312 is divided by 844.
812
What is the remainder when 1493164 is divided by 1042?
1020
Calculate the remainder when 5372860 is divided by 75.
10
What is the remainder when 110350 is divided by 688?
270
What is the remainder when 93939 is divided by 89817?
4122
Calculate the remainder when 37858 is divided by 5326.
576
Calculate the remainder when 412185 is divided by 123.
12
Calculate the remainder when 7210510 is divided by 918.
538
Calculate the remainder when 4117783 is divided by 9171.
4
Calculate the remainder when 190349 is divided by 63359.
272
What is the remainder when 11635200 is divided by 884?
876
Calculate the remainder when 573064293 is divided by 4927.
4923
Calculate the remainder when 12564129 is divided by 10.
9
Calculate the remainder when 6254953 is divided by 358.
335
Calculate the remainder when 5426424 is divided by 6070.
5914
Calculate the remainder when 2180882 is divided by 4194.
2
What is the remainder when 13635439 is divided by 56578?
141
What is the remainder when 13876768 is divided by 222?
214
Calculate the remainder when 398323 is divided by 199116.
91
What is the remainder when 3321122 is divided by 2637?
1139
What is the remainder when 5424841 is divided by 816?
73
What is the remainder when 1741067 is divided by 1047?
953
Calculate the remainder when 19598222 is divided by 8691.
17
Calculate the remainder when 33266576 is divided by 2892.
2792
Calculate the remainder when 610 is divided by 35.
15
Calculate the remainder when 1330879 is divided by 3732.
2287
Calculate the remainder when 128600640 is divided by 12.
0
What is the remainder when 6639555 is divided by 138?
99
What is the remainder when 1503120 is divided by 24?
0
Calculate the remainder when 4699302 